{"id":630,"date":"2016-08-11T09:07:07","date_gmt":"2016-08-11T08:07:07","guid":{"rendered":"http:\/\/onlinesketchup.cz\/vip\/?page_id=630"},"modified":"2026-01-27T19:59:24","modified_gmt":"2026-01-27T18:59:24","slug":"objednavka-vip-sekce-pro-zacatecniky","status":"publish","type":"page","link":"https:\/\/onlinesketchup.cz\/vip\/objednavka-vip-sekce-pro-zacatecniky\/","title":{"rendered":"\ud83d\udfe6 Kurz &#8211; Z\u00e1klady programu SketchUp\u2026 [objedn\u00e1vka]"},"content":{"rendered":"\n<div style=\"height:27px\" aria-hidden=\"true\" class=\"wp-block-spacer\"><\/div>\n\n\n\n<div class=\"wp-block-columns has-border-color has-vivid-red-border-color has-background is-layout-flex wp-container-core-columns-is-layout-be592af6 wp-block-columns-is-layout-flex\" style=\"border-style:dashed;border-width:2px;background-color:#f2f2f2;padding-top:var(--wp--preset--spacing--40);padding-right:var(--wp--preset--spacing--50);padding-bottom:var(--wp--preset--spacing--40);padding-left:var(--wp--preset--spacing--50)\">\n<div class=\"wp-block-column is-layout-flow wp-block-column-is-layout-flow\" style=\"flex-basis:35%\">\n<div class=\"wp-block-buttons is-content-justification-center is-layout-flex wp-container-core-buttons-is-layout-a89b3969 wp-block-buttons-is-layout-flex\">\n<div class=\"wp-block-button is-style-outline is-style-outline--1\"><a class=\"wp-block-button__link has-white-color has-vivid-red-background-color has-text-color has-background has-border-color has-white-border-color has-custom-font-size wp-element-button\" href=\"#objednavka\" style=\"border-width:1px;border-radius:10px;padding-top:var(--wp--preset--spacing--40);padding-right:var(--wp--preset--spacing--80);padding-bottom:var(--wp--preset--spacing--40);padding-left:var(--wp--preset--spacing--80);font-size:18px\">Objedn\u00e1n\u00ed kurzu &gt;&gt;<\/a><\/div>\n<\/div>\n<\/div>\n\n\n\n<div class=\"wp-block-column is-vertically-aligned-center is-layout-flow wp-block-column-is-layout-flow\">\n<p class=\"has-text-align-center\" style=\"font-size:18px\"><a href=\"#video-ukazka\" title=\"\"><strong>Uk\u00e1zkov\u00e9 video<\/strong><\/a><\/p>\n<\/div>\n\n\n\n<div class=\"wp-block-column is-vertically-aligned-center is-layout-flow wp-block-column-is-layout-flow\">\n<p class=\"has-text-align-center\" style=\"font-size:17px\"><a href=\"#vip-stranka\"><strong>Jak to vypad\u00e1 uvnit\u0159 tohoto kurzu<\/strong><\/a><\/p>\n<\/div>\n<\/div>\n\n\n\n<div style=\"height:27px\" aria-hidden=\"true\" class=\"wp-block-spacer\"><\/div>\n\n\n\n<p class=\"has-text-align-left\" style=\"font-size:18px\">\u2705 N\u00ed\u017ee je mo\u017en\u00e9 z\u00edskat p\u0159\u00edstup&nbsp;(na po\u0159\u00e1d)&nbsp;do <strong>VIP sekce &#8211; Z\u00e1klady programu SketchUp<\/strong>.<\/p>\n\n\n\n<p class=\"has-text-align-left\" style=\"font-size:18px\">\u2705 Tato <strong>VIP sekce<\/strong> je ur\u010den\u00e1 pro <span style=\"background-color:rgba(0, 0, 0, 0)\" class=\"has-inline-color has-vivid-red-color\">v\u0161echny verze SketchUpu<\/span> od&nbsp;<strong>verze 8<\/strong>&nbsp;a\u017e&nbsp;<strong>po nejnov\u011bj\u0161\u00ed<\/strong><\/p>\n\n\n\n<p class=\"has-text-align-center has-background has-medium-font-size\" style=\"background-color:#eaeeef\"><strong>Cena <\/strong>tohoto kurzu je &#8230;<strong><mark style=\"background-color:rgba(0, 0, 0, 0);color:#dd2222\" class=\"has-inline-color\"> 499 K\u010d<\/mark><\/strong><\/p>\n\n\n\n<div style=\"height:156px\" aria-hidden=\"true\" id=\"video-ukazka\" class=\"wp-block-spacer\"><\/div>\n\n\n\n<h1 class=\"wp-block-heading has-text-align-center\">\ud83d\udfe6 Uk\u00e1zkov\u00e9 video <strong>ZDARMA<\/strong><\/h1>\n\n\n\n<hr class=\"wp-block-separator aligncenter has-text-color has-vivid-red-color has-css-opacity has-vivid-red-background-color has-background is-style-wide\"\/>\n\n\n\n<div class=\"wp-block-columns has-background is-layout-flex wp-container-core-columns-is-layout-28f84493 wp-block-columns-is-layout-flex\" style=\"background-color:#f2f2f2\">\n<div class=\"wp-block-column is-layout-flow wp-block-column-is-layout-flow\" style=\"flex-basis:66%\">\n<figure class=\"wp-block-embed is-type-video is-provider-youtube wp-block-embed-youtube wp-embed-aspect-16-9 wp-has-aspect-ratio\"><div class=\"wp-block-embed__wrapper\">\n<iframe loading=\"lazy\" title=\"Zv\u011bt\u0161en\u00ed \/ zmen\u0161en\u00ed objekt\u016f - v\u00fduka online - za\u010d\u00e1te\u010dn\u00edk\" width=\"800\" height=\"450\" src=\"https:\/\/www.youtube.com\/embed\/ZYn1q7JQkzk?feature=oembed\" frameborder=\"0\" allow=\"accelerometer; autoplay; clipboard-write; encrypted-media; gyroscope; picture-in-picture; web-share\" referrerpolicy=\"strict-origin-when-cross-origin\" allowfullscreen><\/iframe>\n<\/div><\/figure>\n<\/div>\n\n\n\n<div class=\"wp-block-column is-layout-flow wp-block-column-is-layout-flow\">\n<div style=\"height:51px\" aria-hidden=\"true\" class=\"wp-block-spacer\"><\/div>\n\n\n\n<figure class=\"wp-block-image size-full\"><img loading=\"lazy\" decoding=\"async\" width=\"145\" height=\"68\" src=\"https:\/\/onlinesketchup.cz\/vip\/wp-content\/uploads\/sites\/2\/2024\/07\/sipka_ukazkove_video_vip_1.png\" alt=\"\" class=\"wp-image-10701\"\/><\/figure>\n<\/div>\n<\/div>\n\n\n\n<hr class=\"wp-block-separator aligncenter has-text-color has-vivid-red-color has-css-opacity has-vivid-red-background-color has-background is-style-wide\"\/>\n\n\n\n<div style=\"height:147px\" aria-hidden=\"true\" id=\"vip-stranka\" class=\"wp-block-spacer\"><\/div>\n\n\n\n<h1 class=\"wp-block-heading has-text-align-center\">\ud83d\udfe6 <mark style=\"background-color:rgba(0, 0, 0, 0);color:#000000\" class=\"has-inline-color\">Uk\u00e1zkov\u00e1 str\u00e1nka<\/mark><strong><mark style=\"background-color:rgba(0, 0, 0, 0);color:#000000\" class=\"has-inline-color\"> VIP sekce <\/mark><\/strong><br><mark style=\"background-color:rgba(0, 0, 0, 0);color:#000000\" class=\"has-inline-color\">pro<\/mark><strong><mark style=\"background-color:rgba(0, 0, 0, 0);color:#000000\" class=\"has-inline-color\"> za\u010d\u00e1te\u010dn\u00edky<\/mark><\/strong><\/h1>\n\n\n\n<hr class=\"wp-block-separator aligncenter has-text-color has-vivid-red-color has-css-opacity has-vivid-red-background-color has-background is-style-wide\"\/>\n\n\n\n<div class=\"wp-block-columns is-layout-flex wp-container-core-columns-is-layout-28f84493 wp-block-columns-is-layout-flex\">\n<div class=\"wp-block-column is-layout-flow wp-block-column-is-layout-flow\" style=\"flex-basis:35%\">\n<div style=\"height:76px\" aria-hidden=\"true\" class=\"wp-block-spacer\"><\/div>\n\n\n\n<figure class=\"wp-block-image aligncenter size-full\"><img loading=\"lazy\" decoding=\"async\" width=\"215\" height=\"130\" src=\"https:\/\/onlinesketchup.cz\/vip\/wp-content\/uploads\/sites\/2\/2024\/07\/jak_to_vypada_ve_vip_sekci_4.png\" alt=\"\" class=\"wp-image-10703\"\/><\/figure>\n<\/div>\n\n\n\n<div class=\"wp-block-column has-background is-layout-flow wp-block-column-is-layout-flow\" style=\"background-color:#f6f6f6;flex-basis:75%\">\n<figure class=\"wp-block-image aligncenter size-full\"><a href=\"https:\/\/onlinesketchup.cz\/vip\/zvetseni-zmenseni-objektu\/\" target=\"_blank\" rel=\"noopener noreferrer\"><img loading=\"lazy\" decoding=\"async\" width=\"523\" height=\"517\" src=\"https:\/\/onlinesketchup.cz\/vip\/wp-content\/uploads\/sites\/2\/2024\/07\/jak_to_vypada_ve_vip_sekci_zaklady_programu_sketchup_obr1.png\" alt=\"Uk\u00e1zka VIP sekce - Z\u00e1klady programu SketchUp\" class=\"wp-image-10707\" srcset=\"https:\/\/onlinesketchup.cz\/vip\/wp-content\/uploads\/sites\/2\/2024\/07\/jak_to_vypada_ve_vip_sekci_zaklady_programu_sketchup_obr1.png 523w, https:\/\/onlinesketchup.cz\/vip\/wp-content\/uploads\/sites\/2\/2024\/07\/jak_to_vypada_ve_vip_sekci_zaklady_programu_sketchup_obr1-300x297.png 300w, https:\/\/onlinesketchup.cz\/vip\/wp-content\/uploads\/sites\/2\/2024\/07\/jak_to_vypada_ve_vip_sekci_zaklady_programu_sketchup_obr1-100x100.png 100w\" sizes=\"auto, (max-width: 523px) 100vw, 523px\" \/><\/a><\/figure>\n<\/div>\n<\/div>\n\n\n\n<div style=\"height:34px\" aria-hidden=\"true\" class=\"wp-block-spacer\"><\/div>\n\n\n\n<div class=\"wp-block-buttons is-horizontal is-content-justification-center is-layout-flex wp-container-core-buttons-is-layout-03627597 wp-block-buttons-is-layout-flex\">\n<div class=\"wp-block-button is-style-outline is-style-outline--2\"><a class=\"wp-block-button__link has-white-color has-text-color has-background has-medium-font-size has-custom-font-size wp-element-button\" href=\"https:\/\/onlinesketchup.cz\/vip\/zvetseni-zmenseni-objektu\/\" style=\"border-style:none;border-width:0px;border-radius:15px;background-color:#32951f;padding-top:var(--wp--preset--spacing--40);padding-right:var(--wp--preset--spacing--40);padding-bottom:var(--wp--preset--spacing--40);padding-left:var(--wp--preset--spacing--40)\" target=\"_blank\" rel=\"noreferrer noopener\">Uk\u00e1zka jedn\u00e9 str\u00e1nky z VIP sekce <\/a><\/div>\n<\/div>\n\n\n\n<hr class=\"wp-block-separator aligncenter has-text-color has-vivid-red-color has-css-opacity has-vivid-red-background-color has-background is-style-wide\"\/>\n\n\n\n<div style=\"height:159px\" aria-hidden=\"true\" id=\"garance-spokojenosti-100\" class=\"wp-block-spacer\"><\/div>\n\n\n\n<h1 class=\"wp-block-heading has-text-align-center\"><mark style=\"background-color:rgba(0, 0, 0, 0);color:#000000\" class=\"has-inline-color\">Garance <strong>spokojenosti <\/strong>(100%)<\/mark><\/h1>\n\n\n\n<div class=\"wp-block-columns has-background is-layout-flex wp-container-core-columns-is-layout-b653aba5 wp-block-columns-is-layout-flex\" style=\"background:linear-gradient(104deg,rgb(238,238,238) 61%,rgb(169,184,195) 100%);padding-top:var(--wp--preset--spacing--50);padding-right:var(--wp--preset--spacing--50);padding-bottom:var(--wp--preset--spacing--50);padding-left:var(--wp--preset--spacing--50)\">\n<div class=\"wp-block-column is-layout-flow wp-block-column-is-layout-flow\">\n<div style=\"height:43px\" aria-hidden=\"true\" class=\"wp-block-spacer\"><\/div>\n\n\n\n<p class=\"has-text-align-center\" style=\"font-size:18px\">Garance spokojenosti je u&nbsp;<strong>VIP sekce pro ZA\u010c\u00c1TE\u010cN\u00cdKY<\/strong>&nbsp;zaru\u010dena po&nbsp;<strong>dobu 30 dn\u016f<\/strong>.<\/p>\n\n\n\n<p class=\"has-text-align-center\" style=\"font-size:17px\"><em>Pokud se rozhodnete po zakoupen\u00ed, \u017ee tuto VIP sekci nepot\u0159ebujete, budou V\u00e1m vr\u00e1ceny pen\u00edze, bez ud\u00e1n\u00ed d\u016fvodu.<\/em><\/p>\n<\/div>\n\n\n\n<div class=\"wp-block-column is-layout-flow wp-block-column-is-layout-flow\">\n<figure class=\"wp-block-image aligncenter size-full\"><img loading=\"lazy\" decoding=\"async\" width=\"259\" height=\"259\" src=\"http:\/\/onlinesketchup.cz\/vip\/wp-content\/uploads\/sites\/2\/2024\/07\/logo_spokojenosti_100_1.png\" alt=\"garance spokojenosti\" class=\"wp-image-10640\" srcset=\"https:\/\/onlinesketchup.cz\/vip\/wp-content\/uploads\/sites\/2\/2024\/07\/logo_spokojenosti_100_1.png 259w, https:\/\/onlinesketchup.cz\/vip\/wp-content\/uploads\/sites\/2\/2024\/07\/logo_spokojenosti_100_1-150x150.png 150w, https:\/\/onlinesketchup.cz\/vip\/wp-content\/uploads\/sites\/2\/2024\/07\/logo_spokojenosti_100_1-100x100.png 100w\" sizes=\"auto, (max-width: 259px) 100vw, 259px\" \/><\/figure>\n<\/div>\n<\/div>\n\n\n\n<div style=\"height:171px\" aria-hidden=\"true\" id=\"objednavka\" class=\"wp-block-spacer\"><\/div>\n\n\n\n<h2 class=\"wp-block-heading has-text-align-center\">\ud83d\udd34 <strong>Objedn\u00e1n\u00ed kurzu<\/strong> &#8211; <mark style=\"background-color:rgba(0, 0, 0, 0)\" class=\"has-inline-color has-vivid-red-color\"><strong>Z\u00e1klady <\/strong>programu SketchUp<\/mark><\/h2>\n\n\n\n<hr class=\"wp-block-separator aligncenter has-text-color has-vivid-red-color has-alpha-channel-opacity has-vivid-red-background-color has-background is-style-wide\"\/>\n\n\n<div data-align-buttons=\"true\" data-block-name=\"woocommerce\/product-category\" data-categories=\"[59]\" data-columns=\"1\" data-rows=\"1\" data-stock-status=\"[&quot;&quot;,&quot;instock&quot;,&quot;outofstock&quot;,&quot;onbackorder&quot;]\" class=\"wc-block-grid wp-block-product-category wp-block-woocommerce-product-category wc-block-product-category has-1-columns alignwide has-aligned-buttons\"><ul class=\"wc-block-grid__products\"><li class=\"wc-block-grid__product\">\n\t\t\t\t<a href=\"https:\/\/onlinesketchup.cz\/vip\/produkt\/zaklady-programu-sketchup\/\" class=\"wc-block-grid__product-link\">\n\t\t\t\t\t\n\t\t\t\t\t<div class=\"wc-block-grid__product-image\"><img loading=\"lazy\" decoding=\"async\" width=\"300\" height=\"168\" src=\"https:\/\/onlinesketchup.cz\/vip\/wp-content\/uploads\/sites\/2\/2023\/11\/zaklady_programu_sketchup-300x168.png\" class=\"attachment-woocommerce_thumbnail size-woocommerce_thumbnail\" alt=\"Z\u00e1klady programu SketchUp\" \/><\/div>\n\t\t\t\t\t<div class=\"wc-block-grid__product-title\">Z\u00e1klady programu SketchUp<\/div>\n\t\t\t\t<\/a>\n\t\t\t\t<div class=\"wc-block-grid__product-price price\"><span class=\"woocommerce-Price-amount amount\">499&nbsp;<span class=\"woocommerce-Price-currencySymbol\">&#075;&#269;<\/span><\/span><\/div>\n\t\t\t\t\n\t\t\t\t<div class=\"wp-block-button wc-block-grid__product-add-to-cart\"><a href=\"\/vip\/wp-json\/wp\/v2\/pages\/630?add-to-cart=9481\" aria-label=\"P\u0159idat do ko\u0161\u00edku: &ldquo;Z\u00e1klady programu SketchUp&rdquo;\" data-quantity=\"1\" data-product_id=\"9481\" data-product_sku=\"\" data-price=\"499\" rel=\"nofollow\" class=\"wp-block-button__link  add_to_cart_button ajax_add_to_cart\">P\u0159idat do ko\u0161\u00edku<\/a><\/div>\n\t\t\t<\/li><\/ul><\/div>\n\n\n<hr class=\"wp-block-separator aligncenter has-text-color has-vivid-red-color has-alpha-channel-opacity has-vivid-red-background-color has-background is-style-wide\"\/>\n\n\n\n<div style=\"height:60px\" aria-hidden=\"true\" class=\"wp-block-spacer\"><\/div>\n","protected":false},"excerpt":{"rendered":"<p>Uk\u00e1zkov\u00e9 video Jak to vypad\u00e1 uvnit\u0159 tohoto kurzu \u2705 N\u00ed\u017ee je mo\u017en\u00e9 z\u00edskat p\u0159\u00edstup&nbsp;(na po\u0159\u00e1d)&nbsp;do VIP sekce &#8211; Z\u00e1klady programu<\/p>\n","protected":false},"author":1,"featured_media":0,"parent":0,"menu_order":0,"comment_status":"closed","ping_status":"closed","template":"","meta":{"colormag_page_container_layout":"no_sidebar_full_width","colormag_page_sidebar_layout":"right_sidebar","footnotes":""},"class_list":["post-630","page","type-page","status-publish","hentry"],"aioseo_notices":[],"jetpack_sharing_enabled":true,"_links":{"self":[{"href":"https:\/\/onlinesketchup.cz\/vip\/wp-json\/wp\/v2\/pages\/630","targetHints":{"allow":["GET"]}}],"collection":[{"href":"https:\/\/onlinesketchup.cz\/vip\/wp-json\/wp\/v2\/pages"}],"about":[{"href":"https:\/\/onlinesketchup.cz\/vip\/wp-json\/wp\/v2\/types\/page"}],"author":[{"embeddable":true,"href":"https:\/\/onlinesketchup.cz\/vip\/wp-json\/wp\/v2\/users\/1"}],"replies":[{"embeddable":true,"href":"https:\/\/onlinesketchup.cz\/vip\/wp-json\/wp\/v2\/comments?post=630"}],"version-history":[{"count":267,"href":"https:\/\/onlinesketchup.cz\/vip\/wp-json\/wp\/v2\/pages\/630\/revisions"}],"predecessor-version":[{"id":11779,"href":"https:\/\/onlinesketchup.cz\/vip\/wp-json\/wp\/v2\/pages\/630\/revisions\/11779"}],"wp:attachment":[{"href":"https:\/\/onlinesketchup.cz\/vip\/wp-json\/wp\/v2\/media?parent=630"}],"curies":[{"name":"wp","href":"https:\/\/api.w.org\/{rel}","templated":true}]}}