{"id":36,"date":"2021-03-29T16:34:36","date_gmt":"2021-03-29T14:34:36","guid":{"rendered":"https:\/\/onlinesketchup.cz\/propagace\/?page_id=36"},"modified":"2025-05-29T22:00:54","modified_gmt":"2025-05-29T20:00:54","slug":"kreslime-interier-ve-sketchupu-1-video","status":"publish","type":"page","link":"https:\/\/onlinesketchup.cz\/propagace\/","title":{"rendered":"Tr\u00e9nink ZDARMA &#8230; Kresl\u00edme interi\u00e9r ve SketchUpu &#8211; jednodu\u0161e a rychle"},"content":{"rendered":"\n<div style=\"height:24px\" aria-hidden=\"true\" class=\"wp-block-spacer\"><\/div>\n\n\n\n<div class=\"wp-block-columns alignfull has-background is-layout-flex wp-container-core-columns-is-layout-d4010286 wp-block-columns-is-layout-flex\" style=\"background-color:#e6e6e6;padding-top:var(--wp--preset--spacing--40);padding-right:0;padding-bottom:var(--wp--preset--spacing--40);padding-left:0\">\n<div class=\"wp-block-column is-layout-flow wp-block-column-is-layout-flow\">\n<h2 class=\"wp-block-heading has-text-align-center\" id=\"jak-si-naklikat-nakreslit-ten-vas-interier-ve-sketchupu-krok-za-krokem\">Jak si &#8222;naklikat&#8220; \ud83d\ude42 <strong>nakreslit <\/strong>ten <br>V\u00e1\u0161 <strong>interi\u00e9r <\/strong>ve <strong>SketchUpu<\/strong> (krok za krokem)<\/h2>\n<\/div>\n<\/div>\n\n\n\n<div style=\"height:4px\" aria-hidden=\"true\" class=\"wp-block-spacer\"><\/div>\n\n\n\n<p class=\"has-text-align-center\" style=\"font-size:25px\"><mark style=\"background-color:rgba(0, 0, 0, 0);color:#df1717\" class=\"has-inline-color\">UK\u00c1\u017dEME V\u00c1M POSTUP, JAK JE TO JEDNOD\u016eCH\u00c9 POMOC\u00cd VIDEO-N\u00c1VOD\u016e<\/mark><\/p>\n\n\n\n<div style=\"height:4px\" aria-hidden=\"true\" class=\"wp-block-spacer\"><\/div>\n\n\n\n<div class=\"wp-block-columns has-background is-layout-flex wp-container-core-columns-is-layout-be592af6 wp-block-columns-is-layout-flex\" style=\"background:linear-gradient(77deg,rgb(238,238,238) 77%,rgb(169,184,195) 100%);padding-top:var(--wp--preset--spacing--40);padding-right:var(--wp--preset--spacing--50);padding-bottom:var(--wp--preset--spacing--40);padding-left:var(--wp--preset--spacing--50);box-shadow:var(--wp--preset--shadow--natural)\">\n<div class=\"wp-block-column is-layout-flow wp-block-column-is-layout-flow\" style=\"flex-basis:70%\">\n<figure class=\"wp-block-embed is-type-video is-provider-youtube wp-block-embed-youtube wp-embed-aspect-16-9 wp-has-aspect-ratio\"><div class=\"wp-block-embed__wrapper\">\n<iframe loading=\"lazy\" title=\"KURZ: Kresl\u00edme interi\u00e9r ve SketchUpu 1.video - Nastaven\u00ed jednotek pro model\" width=\"800\" height=\"450\" src=\"https:\/\/www.youtube.com\/embed\/wYZH1eY5oYM?feature=oembed\" frameborder=\"0\" allow=\"accelerometer; autoplay; clipboard-write; encrypted-media; gyroscope; picture-in-picture; web-share\" referrerpolicy=\"strict-origin-when-cross-origin\" allowfullscreen><\/iframe>\n<\/div><\/figure>\n\n\n\n<p class=\"has-text-align-center has-medium-font-size\">Po <strong>zad\u00e1n\u00ed emailu<\/strong> se dostanete na dal\u0161\u00ed <strong><span style=\"background-color:rgba(0, 0, 0, 0)\" class=\"has-inline-color has-vivid-red-color\">pokra\u010dov\u00e1n\u00ed &#8230;<\/span><\/strong><\/p>\n<\/div>\n\n\n\n<div class=\"wp-block-column is-layout-flow wp-block-column-is-layout-flow\" style=\"flex-basis:30%\">\n<div style=\"height:40px\" aria-hidden=\"true\" class=\"wp-block-spacer\"><\/div>\n\n\n\n<p class=\"has-text-align-center has-background\" style=\"background-color:#fdfdfd;font-size:20px\"><mark style=\"background-color:rgba(0, 0, 0, 0);color:#e11515\" class=\"has-inline-color\"><strong>Zadejte sv\u016fj email<\/strong> <em>pro z\u00edsk\u00e1n\u00ed <strong>dal\u0161\u00edho videa<\/strong> <\/em>&#8230;<\/mark><\/p>\n\n\n\n<figure class=\"wp-block-image aligncenter size-large\"><img decoding=\"async\" src=\"https:\/\/onlinesketchup.cz\/propagace\/wp-content\/uploads\/sites\/14\/2021\/03\/SIPKA_5.png\" alt=\"\" class=\"wp-image-97\"\/><\/figure>\n\n\n\n<div class=\"wp-block-buttons is-content-justification-center is-layout-flex wp-container-core-buttons-is-layout-a89b3969 wp-block-buttons-is-layout-flex\">\n<div class=\"wp-block-button has-custom-width wp-block-button__width-100\"><a class=\"wp-block-button__link has-white-color has-vivid-red-background-color has-text-color has-background has-link-color has-border-color wp-element-button\" href=\"https:\/\/vip.onlinesketchup.cz\/kreslime-interier-ve-sketchupu\" style=\"border-color:#ffffff;border-style:solid;border-width:2px;border-radius:25px;padding-top:var(--wp--preset--spacing--50);padding-right:var(--wp--preset--spacing--60);padding-bottom:var(--wp--preset--spacing--50);padding-left:var(--wp--preset--spacing--60);box-shadow:var(--wp--preset--shadow--deep)\">Email zadejte ZDE &gt;&gt;<\/a><\/div>\n<\/div>\n<\/div>\n<\/div>\n\n\n\n<div style=\"height:120px\" aria-hidden=\"true\" class=\"wp-block-spacer\"><\/div>\n\n\n\n<h1 class=\"wp-block-heading\" id=\"pokracovani\"><span style=\"color:#db1d1d\" class=\"has-inline-color\"><strong>Pokra\u010dov\u00e1n\u00ed &#8211; dal\u0161\u00ed videa &#8230;<\/strong><\/span><\/h1>\n\n\n\n<div class=\"wp-block-columns alignfull is-not-stacked-on-mobile has-background is-layout-flex wp-container-core-columns-is-layout-fd03f32c wp-block-columns-is-layout-flex\" style=\"background-color:#ebebeb;margin-top:var(--wp--preset--spacing--30);margin-bottom:var(--wp--preset--spacing--30);padding-top:var(--wp--preset--spacing--60);padding-right:var(--wp--preset--spacing--50);padding-bottom:var(--wp--preset--spacing--60);padding-left:var(--wp--preset--spacing--50)\">\n<div class=\"wp-block-column is-layout-flow wp-block-column-is-layout-flow\">\n<figure class=\"wp-block-image size-large\"><img decoding=\"async\" src=\"https:\/\/onlinesketchup.cz\/propagace\/wp-content\/uploads\/sites\/14\/2021\/03\/2_ZDARMA_kreslime_zdi_podlahu_strop_yt-1024x576.png\" alt=\"kurz - kresl\u00edme interi\u00e9r - 2. video\" class=\"wp-image-313\"\/><\/figure>\n<\/div>\n\n\n\n<div class=\"wp-block-column is-layout-flow wp-block-column-is-layout-flow\">\n<figure class=\"wp-block-image size-large\"><img decoding=\"async\" src=\"https:\/\/onlinesketchup.cz\/propagace\/wp-content\/uploads\/sites\/14\/2021\/03\/3_ZDARMA_vytvoreni_otvoru_pro_okna_a_dvere_yt-1024x576.png\" alt=\"kurz - kresl\u00edme interi\u00e9r - 3. video\" class=\"wp-image-314\"\/><\/figure>\n<\/div>\n<\/div>\n\n\n\n<div style=\"height:70px\" aria-hidden=\"true\" class=\"wp-block-spacer\"><\/div>\n\n\n\n<div class=\"wp-block-columns is-layout-flex wp-container-core-columns-is-layout-28f84493 wp-block-columns-is-layout-flex\">\n<div class=\"wp-block-column is-layout-flow wp-block-column-is-layout-flow\">\n<figure class=\"wp-block-image aligncenter size-large\"><img decoding=\"async\" src=\"https:\/\/onlinesketchup.cz\/wp-content\/uploads\/2020\/11\/cropped-logo_webu_osu_v3_nove_logo.png\" alt=\"\"\/><\/figure>\n<\/div>\n\n\n\n<div class=\"wp-block-column is-layout-flow wp-block-column-is-layout-flow\">\n<div style=\"height:27px\" aria-hidden=\"true\" class=\"wp-block-spacer\"><\/div>\n\n\n\n<p class=\"has-text-align-center\" style=\"font-size:35px\"><mark style=\"background-color:rgba(0, 0, 0, 0);color:#8c8f92\" class=\"has-inline-color\"><strong>VIP sekce<\/strong> <em>pro SketchUp<\/em><\/mark><\/p>\n<\/div>\n<\/div>\n\n\n\n<div style=\"height:78px\" aria-hidden=\"true\" class=\"wp-block-spacer\"><\/div>\n","protected":false},"excerpt":{"rendered":"<p>Jak si &#8222;naklikat&#8220; \ud83d\ude42 nakreslit ten V\u00e1\u0161 interi\u00e9r ve SketchUpu (krok za krokem) UK\u00c1\u017dEME V\u00c1M POSTUP, JAK JE TO JEDNOD\u016eCH\u00c9<\/p>\n","protected":false},"author":1,"featured_media":0,"parent":0,"menu_order":0,"comment_status":"closed","ping_status":"closed","template":"","meta":{"colormag_page_container_layout":"no_sidebar_full_width","colormag_page_sidebar_layout":"no_sidebar","footnotes":""},"class_list":["post-36","page","type-page","status-publish","hentry"],"aioseo_notices":[],"jetpack_sharing_enabled":true,"_links":{"self":[{"href":"https:\/\/onlinesketchup.cz\/propagace\/wp-json\/wp\/v2\/pages\/36","targetHints":{"allow":["GET"]}}],"collection":[{"href":"https:\/\/onlinesketchup.cz\/propagace\/wp-json\/wp\/v2\/pages"}],"about":[{"href":"https:\/\/onlinesketchup.cz\/propagace\/wp-json\/wp\/v2\/types\/page"}],"author":[{"embeddable":true,"href":"https:\/\/onlinesketchup.cz\/propagace\/wp-json\/wp\/v2\/users\/1"}],"replies":[{"embeddable":true,"href":"https:\/\/onlinesketchup.cz\/propagace\/wp-json\/wp\/v2\/comments?post=36"}],"version-history":[{"count":251,"href":"https:\/\/onlinesketchup.cz\/propagace\/wp-json\/wp\/v2\/pages\/36\/revisions"}],"predecessor-version":[{"id":1545,"href":"https:\/\/onlinesketchup.cz\/propagace\/wp-json\/wp\/v2\/pages\/36\/revisions\/1545"}],"wp:attachment":[{"href":"https:\/\/onlinesketchup.cz\/propagace\/wp-json\/wp\/v2\/media?parent=36"}],"curies":[{"name":"wp","href":"https:\/\/api.w.org\/{rel}","templated":true}]}}